{"id":103,"date":"2017-11-11T21:18:50","date_gmt":"2017-11-11T20:18:50","guid":{"rendered":"http:\/\/www.confrerie-saint-symphorien.be\/wordpress\/wordpress\/?page_id=103"},"modified":"2017-12-01T09:54:49","modified_gmt":"2017-12-01T08:54:49","slug":"la-procession-du-car-dor-mons","status":"publish","type":"page","link":"http:\/\/www.confrerie-saint-symphorien.be\/?page_id=103","title":{"rendered":"La Procession du Car d&rsquo;Or &#8211; Mons"},"content":{"rendered":"<p><span style=\"text-decoration: underline; color: #993366;\"><strong>Le Car d\u2019Or et notre village<\/strong><\/span><\/p>\n<p>Apr\u00e8s la fusion des communes, les confr\u00e9ries et corporations des villages formant le \u00ab Grand Mons \u00bb ont \u00e9t\u00e9 invit\u00e9es par l\u2019ASBL Procession du Car d\u2019Or \u00e0 participer \u00e0 la Procession de la Trinit\u00e9. C\u2019est le cas de la Confr\u00e9rie Saint Symphorien.<\/p>\n<p>En ce qui concerne notre Confr\u00e9rie, la semaine qui pr\u00e9c\u00e8de la ducasse de Mons, ch\u00e2sse, toges, \u00e9toles et banni\u00e8re sont rassembl\u00e9es \u00ab pou l\u2019grand moumint \u00bb soit au vestiaire de la Procession gr\u00e2ce \u00e0 nos cam\u00e9ristes pour les v\u00eatements et le mat\u00e9riel, soit au tr\u00e9sor de la coll\u00e9giale pour notre ch\u00e2sse. M\u00eame la \u00ab ceinture \u00bb florale de la ch\u00e2sse est l\u00e0. Tout est donc fin pr\u00eat avant le jour \u00ab J \u00bb.<\/p>\n<p>Et le dimanche de la Trinit\u00e9, vers 7H30, les Confr\u00e8res et leur famille se rassemblent pour le d\u00e9jeuner. En chemise blanche ou \u00ab confr\u00e9rie \u00bb, pantalon et chaussures sombres. Une \u00e9quipe d\u2019intendance au top fait en sorte que ce moment soit convivial en sachant que toujours ou presque, le soleil est d\u00e9j\u00e0 de la partie.<\/p>\n<p>Le groupe rejoint ensuite le Foyer Sainte Waudru au pied de la coll\u00e9giale pour s\u2019habiller de circonstance. Une \u00e9quipe r\u00e9cup\u00e8re la ch\u00e2sse et son mat\u00e9riel. Et tout le monde gagne le square Roosevelt pour la mise en place avec la cinquantaine de groupes de la procession qui d\u00e9bute \u00e0 9H30 au son du \u00ab catiau \u00bb.<\/p>\n<p>Trompettes th\u00e9baines, police \u00e0 cheval, commissaires, montois, montoises et gens du grand Mons en corporations et confr\u00e9ries, Saint Georges et les acteurs du lum\u00e7on participent \u00e0 ce long ruban historico religieux tra\u00e7ant dans la ville l\u2019Histoire de Mons, de sa patronne et de ses habitants. Tout cela est sous la protection de Madame Sainte Waudru que le bourgmestre a jur\u00e9 de prot\u00e9ger envers et contre tout ayant d\u00e9clar\u00e9 : \u00ab <em>Nous acceptons volontiers le corps saint de Madame sainte Waudru et depuis qu\u2019il sera hors de cette \u00e9glise jusqu\u2019\u00e0 rentr\u00e9 y sera, nous ferons notre loyal pouvoir de l\u2019aider et garder, sans co\u00fbt ni frais, pour qu\u2019il ne courre aucun danger ni p\u00e9ril en cette ville<\/em> \u00bb.<\/p>\n<p>Notre Confr\u00e9rie n\u2019est pas peu fi\u00e8re de processionner sa ch\u00e2sse de 1177 sur les traces de nombreux anciens et perp\u00e9tuant cette tradition pour les futurs confr\u00e8res des g\u00e9n\u00e9rations suivantes, confr\u00e8res d\u2019aujourd\u2019hui, petits maillons d\u2019une tradition multis\u00e9culaire qui ne nous appartient pas mais que nous avons d\u00e9cid\u00e9 de sauvegarder. Il n\u2019est pas rare que la Confr\u00e9rie soit applaudie sur le parcours \u2026 Montois connaisseurs, Symphorinois supporters ?<\/p>\n<p>A la fin du parcours, tout \u00e9tant mis en s\u00e9curit\u00e9, les confr\u00e8res prennent le verre de l\u2019amiti\u00e9 \u00e0 l\u2019\u00e9cole Saint Joseph, certains rejoints par leur famille pour \u00ab faire ducasse \u00bb attendant le d\u00e9part de la descente de la rue des Clercs pour vivre le combat \u00ab dit Lum\u00e7on \u00bb partie int\u00e9grante avec la Procession du patrimoine oral et immat\u00e9riel de l\u2019humanit\u00e9 !<\/p>\n<p>\u00ab <em>V\u2019la l\u2019dragon qui tr\u00e9passe, in v\u2019la co pou in an ; asteur faisons ducasse, \u00e0 tabe mes infants<\/em> \u00bb !<\/p>\n","protected":false},"excerpt":{"rendered":"<p>Le Car d\u2019Or et notre village Apr\u00e8s la fusion des communes, les confr\u00e9ries et corporations des villages formant le \u00ab Grand Mons \u00bb ont \u00e9t\u00e9 invit\u00e9es par l\u2019ASBL Procession du Car d\u2019Or \u00e0 participer \u00e0 la Procession de la Trinit\u00e9. C\u2019est le cas de la Confr\u00e9rie Saint Symphorien. En ce qui concerne notre Confr\u00e9rie, la &hellip; <\/p>\n<p class=\"link-more\"><a href=\"http:\/\/www.confrerie-saint-symphorien.be\/?page_id=103\" class=\"more-link\">Continuer la lecture<span class=\"screen-reader-text\"> de &laquo;&nbsp;La Procession du Car d&rsquo;Or &#8211; Mons&nbsp;&raquo;<\/span><\/a><\/p>\n","protected":false},"author":1,"featured_media":0,"parent":296,"menu_order":0,"comment_status":"closed","ping_status":"closed","template":"","meta":{"_exactmetrics_skip_tracking":false,"_exactmetrics_sitenote_active":false,"_exactmetrics_sitenote_note":"","_exactmetrics_sitenote_category":0,"ngg_post_thumbnail":0,"footnotes":""},"class_list":["post-103","page","type-page","status-publish","hentry"],"_links":{"self":[{"href":"http:\/\/www.confrerie-saint-symphorien.be\/index.php?rest_route=\/wp\/v2\/pages\/103","targetHints":{"allow":["GET"]}}],"collection":[{"href":"http:\/\/www.confrerie-saint-symphorien.be\/index.php?rest_route=\/wp\/v2\/pages"}],"about":[{"href":"http:\/\/www.confrerie-saint-symphorien.be\/index.php?rest_route=\/wp\/v2\/types\/page"}],"author":[{"embeddable":true,"href":"http:\/\/www.confrerie-saint-symphorien.be\/index.php?rest_route=\/wp\/v2\/users\/1"}],"replies":[{"embeddable":true,"href":"http:\/\/www.confrerie-saint-symphorien.be\/index.php?rest_route=%2Fwp%2Fv2%2Fcomments&post=103"}],"version-history":[{"count":1,"href":"http:\/\/www.confrerie-saint-symphorien.be\/index.php?rest_route=\/wp\/v2\/pages\/103\/revisions"}],"predecessor-version":[{"id":104,"href":"http:\/\/www.confrerie-saint-symphorien.be\/index.php?rest_route=\/wp\/v2\/pages\/103\/revisions\/104"}],"up":[{"embeddable":true,"href":"http:\/\/www.confrerie-saint-symphorien.be\/index.php?rest_route=\/wp\/v2\/pages\/296"}],"wp:attachment":[{"href":"http:\/\/www.confrerie-saint-symphorien.be\/index.php?rest_route=%2Fwp%2Fv2%2Fmedia&parent=103"}],"curies":[{"name":"wp","href":"https:\/\/api.w.org\/{rel}","templated":true}]}}