{"id":92,"date":"2017-11-11T21:23:51","date_gmt":"2017-11-11T20:23:51","guid":{"rendered":"http:\/\/www.confrerie-saint-symphorien.be\/wordpress\/wordpress\/?page_id=92"},"modified":"2023-06-29T18:26:54","modified_gmt":"2023-06-29T16:26:54","slug":"chasse-et-confrerie-hier-et-aujourdhui","status":"publish","type":"page","link":"http:\/\/www.confrerie-saint-symphorien.be\/?page_id=92","title":{"rendered":"Ch\u00e2sse et Confr\u00e9rie, hier et aujourd\u2019hui"},"content":{"rendered":"\n<p class=\"has-text-align-center\"><img loading=\"lazy\" decoding=\"async\" width=\"300\" height=\"225\" class=\"wp-image-93\" style=\"width: 300px;\" src=\"http:\/\/www.confrerie-saint-symphorien.be\/wp-content\/uploads\/2017\/11\/chasse1.jpg\" alt=\"\" srcset=\"http:\/\/www.confrerie-saint-symphorien.be\/wp-content\/uploads\/2017\/11\/chasse1.jpg 640w, http:\/\/www.confrerie-saint-symphorien.be\/wp-content\/uploads\/2017\/11\/chasse1-300x225.jpg 300w, http:\/\/www.confrerie-saint-symphorien.be\/wp-content\/uploads\/2017\/11\/chasse1-285x214.jpg 285w\" sizes=\"auto, (max-width: 300px) 100vw, 300px\" \/><\/p>\n\n\n\n<p>Le village de St-Symphorien peut s\u2019enorgueillir de poss\u00e9der un tr\u00e9sor en ses murs. En effet, lors de l\u2019attribution des autels de St-Symphorien et de Spiennes \u00e0 l\u2019Ordre de St Jean de J\u00e9rusalem, Mgr Allard, \u00e9v\u00eaque de Cambrai nous faisait cadeau d\u2019une chasse, c\u2019\u00e9tait en 1177. Notre chasse est donc l\u00e0 depuis plus de 830 ans. Elle contient actuellement des reliques de St-Symphorien, n\u00e9 en 160 \u00e0 Autun, France, de parents chr\u00e9tiens. Refusant de se prosterner devant le char de la d\u00e9esse Cyb\u00e8le honor\u00e9e par l\u2019occupant romain, il est arr\u00eat\u00e9, jug\u00e9 et d\u00e9capit\u00e9 en 180.<br><br> Chasse et reliques sont processionn\u00e9es depuis que la peste a ravag\u00e9 notre r\u00e9gion afin d\u2019\u00e9radiquer ce fl\u00e9au. Elles le sont toujours aujourd\u2019hui apr\u00e8s de rares arr\u00eats lors des guerres mondiales.<br><br>Si la \u00ab Confr\u00e9rie Saint-Symphorien \u00bb est officiellement ASBL depuis 2002, des groupes d\u2019hommes ont toujours port\u00e9 la chasse et la statue du Saint. Ce groupe \u00e9tait rarement modifi\u00e9, les participants se groupant par paires de m\u00eame taille pour faciliter l\u2019op\u00e9ration.<br><br>Aujourd\u2019hui, la Confr\u00e9rie veille au respect de ces traditions. Elles comptent pr\u00e8s de 120 membres, hommes et femmes, dont 27 jeunes. Elle se veut aussi rassembleuse des villageois en organisant diverses activit\u00e9s.<br><br>Le grand moment traditionnel (\u00ab Le TOUR \u00bb de 10km) se d\u00e9roule dans le village le 4\u00e8me WE d\u2019ao\u00fbt proche de la f\u00eate de St-Symphorien (22 ao\u00fbt). Elle invite plusieurs groupes ext\u00e9rieurs.<br><br>La Confr\u00e9rie participe aussi : le jeudi de l\u2019Ascension \u00e0 la procession de Frameries, le lundi de Pentec\u00f4te \u00e0 la Ste Rolende \u00e0 Gerpinnes, le dimanche de la Trinit\u00e9 \u00e0 la procession du Car d\u2019Or \u00e0 Mons (depuis le 6 juin 1982), le dimanche proche de la f\u00eate de St Jean Baptiste \u00e0 la procession d\u2019Havay, le 15 ao\u00fbt aux processions de Ghlin et Havr\u00e9 et le 2\u00e8me dimanche d\u2019octobre \u00e0 celle de St Ghislain.<br><br>Dans le souci de rassembler le village dans la \u00ab confraternit\u00e9 \u00bb elle met sur pieds certaines activit\u00e9s : d\u00e9gustation de vins, expositions, concerts, d\u00eeners de ducasse, journ\u00e9e du chicon, activit\u00e9s pour les jeunes confr\u00e8res et consoeurs.<br><br>Bienvenue \u00e0 tous dans le respect de chacun.<\/p>\n","protected":false},"excerpt":{"rendered":"<p>Le village de St-Symphorien peut s\u2019enorgueillir de poss\u00e9der un tr\u00e9sor en ses murs. En effet, lors de l\u2019attribution des autels de St-Symphorien et de Spiennes \u00e0 l\u2019Ordre de St Jean de J\u00e9rusalem, Mgr Allard, \u00e9v\u00eaque de Cambrai nous faisait cadeau d\u2019une chasse, c\u2019\u00e9tait en 1177. Notre chasse est donc l\u00e0 depuis plus de 830 ans. &hellip; <\/p>\n<p class=\"link-more\"><a href=\"http:\/\/www.confrerie-saint-symphorien.be\/?page_id=92\" class=\"more-link\">Continuer la lecture<span class=\"screen-reader-text\"> de &laquo;&nbsp;Ch\u00e2sse et Confr\u00e9rie, hier et aujourd\u2019hui&nbsp;&raquo;<\/span><\/a><\/p>\n","protected":false},"author":1,"featured_media":93,"parent":296,"menu_order":0,"comment_status":"closed","ping_status":"closed","template":"","meta":{"_exactmetrics_skip_tracking":false,"_exactmetrics_sitenote_active":false,"_exactmetrics_sitenote_note":"","_exactmetrics_sitenote_category":0,"ngg_post_thumbnail":0,"footnotes":""},"class_list":["post-92","page","type-page","status-publish","has-post-thumbnail","hentry"],"_links":{"self":[{"href":"http:\/\/www.confrerie-saint-symphorien.be\/index.php?rest_route=\/wp\/v2\/pages\/92","targetHints":{"allow":["GET"]}}],"collection":[{"href":"http:\/\/www.confrerie-saint-symphorien.be\/index.php?rest_route=\/wp\/v2\/pages"}],"about":[{"href":"http:\/\/www.confrerie-saint-symphorien.be\/index.php?rest_route=\/wp\/v2\/types\/page"}],"author":[{"embeddable":true,"href":"http:\/\/www.confrerie-saint-symphorien.be\/index.php?rest_route=\/wp\/v2\/users\/1"}],"replies":[{"embeddable":true,"href":"http:\/\/www.confrerie-saint-symphorien.be\/index.php?rest_route=%2Fwp%2Fv2%2Fcomments&post=92"}],"version-history":[{"count":6,"href":"http:\/\/www.confrerie-saint-symphorien.be\/index.php?rest_route=\/wp\/v2\/pages\/92\/revisions"}],"predecessor-version":[{"id":4312,"href":"http:\/\/www.confrerie-saint-symphorien.be\/index.php?rest_route=\/wp\/v2\/pages\/92\/revisions\/4312"}],"up":[{"embeddable":true,"href":"http:\/\/www.confrerie-saint-symphorien.be\/index.php?rest_route=\/wp\/v2\/pages\/296"}],"wp:featuredmedia":[{"embeddable":true,"href":"http:\/\/www.confrerie-saint-symphorien.be\/index.php?rest_route=\/wp\/v2\/media\/93"}],"wp:attachment":[{"href":"http:\/\/www.confrerie-saint-symphorien.be\/index.php?rest_route=%2Fwp%2Fv2%2Fmedia&parent=92"}],"curies":[{"name":"wp","href":"https:\/\/api.w.org\/{rel}","templated":true}]}}