{"id":100,"date":"2017-11-11T21:14:16","date_gmt":"2017-11-11T20:14:16","guid":{"rendered":"http:\/\/www.confrerie-saint-symphorien.be\/wordpress\/wordpress\/?page_id=100"},"modified":"2023-06-30T18:01:27","modified_gmt":"2023-06-30T16:01:27","slug":"la-procession-saint-symphorien","status":"publish","type":"page","link":"https:\/\/www.confrerie-saint-symphorien.be\/?page_id=100","title":{"rendered":"La Procession Saint Symphorien"},"content":{"rendered":"<p>Quatri\u00e8me dimanche d\u2019ao\u00fbt : au moment o\u00f9 les \u00e9coliers affutent leurs crayons, le village de Saint-Symphorien s\u2019appr\u00eate \u00e0 f\u00eater son saint patron en processionnant ses reliques dans la localit\u00e9 \u00e9ponyme.<\/p>\n<p>C\u2019est une belle mani\u00e8re de terminer ces vacances toujours trop courtes pour certains et trop longues pour d\u2019autres. Historiquement, la kermesse ou ducasse (o\u00f9 on retrouve d\u00e9dicace) \u00e9tait l\u2019occasion de s\u2019attirer la b\u00e9n\u00e9diction du saint auquel l\u2019\u00e9glise paroissiale \u00e9tait \u00ab d\u00e9dicac\u00e9e \u00bb. De mani\u00e8re plus prosa\u00efque, il s\u2019agissait \u00e9galement pour les habitants de s\u2019offrir une opportunit\u00e9 plus la\u00efque de pouvoir s\u2019amuser entre eux : jeux et autres agapes permettaient \u00e0 ceux-ci de se c\u00f4toyer dans un contexte plus festif et de profiter un peu de la vie \u00e0 une \u00e9poque o\u00f9 les moyens de divertissement n\u2019\u00e9taient pas pl\u00e9thores. Combien d\u2019intrigues ou d\u2019idylles ont pu se former pendant ces quelques jours de festivit\u00e9s, bien malin qui pourrait le dire mais gageons que Saint-Symphorien a tenu l\u00e0-haut la comptabilit\u00e9 de ces diff\u00e9rents avatars. Certes, les traditions se sont estomp\u00e9es avec le temps mais c\u2019est une heureuse habitude qu\u2019on les hommes d\u2019essayer de les p\u00e9renniser.<\/p>\n<p>La Confr\u00e9rie Saint-Symphorien est de ce bois-l\u00e0 ! H\u00e9ritiers de traditions dont les origines se perdent dans la nuit des temps, les Confr\u00e8res se pr\u00e9parent chaque dimanche \u00e0 processionner la ch\u00e2sse romane et les statues votives de l\u2019\u00e9glise \u00e0 travers les rues du village : le mollet vigoureux et le menton altier, ils prom\u00e8nent les reliques, s\u2019arr\u00eatant \u00e0 certains endroits d\u00e9termin\u00e9s pour y partager un instant de recueillement religieux devant les autels improvis\u00e9s par les propri\u00e9taires des lieux. Le long cort\u00e8ge accompagn\u00e9 d\u2019autres conf\u00e9ries refait le chemin ancestral parcouru bien avant eux par des g\u00e9n\u00e9rations de Symphorinois.<\/p>\n<p>Et comme eux, apr\u00e8s avoir rang\u00e9 comme il se doit les objets liturgiques et les costumes d\u2019apparat, ils se r\u00e9unissent \u00e0 l\u2019ombre d\u2019un grand marronnier pour y partager un repas collectif o\u00f9 la convivialit\u00e9 seule sert de rep\u00e8re gastronomique. Puisque nous sommes devenus montois par l\u2019\u00e9volution politique, qu\u2019y a-t-il de mieux qu\u2019une \u00ab c\u00f4telette \u00e0 l\u2019berdouille \u00bb pour f\u00e9d\u00e9rer les app\u00e9tits de pr\u00e8s de deux cents convives. Comme nos anc\u00eatres, nous nous agglutinons sur des tables longues sans ordre de pr\u00e9s\u00e9ance o\u00f9 le bourgeois c\u00f4toie l\u2019ouvrier, l\u2019eccl\u00e9siastique l\u2019anti-cl\u00e9rical et le nanti celui qui est moins favoris\u00e9 par la vie. L\u00e0, r\u00e9uni autour d\u2019un repas identique pour tous, nous \u00e9voquons finalement ce qui nous unit : l\u2019appartenance \u00e0 une m\u00eame communaut\u00e9 ! C\u2019est probablement un des miracles r\u00e9current que nous devons \u00e0 Saint-Symphorien et nul doute que de l\u00e0-haut, il doit regarder ce spectacle avec bienveillance.<\/p>\n<p><span style=\"text-decoration: underline; color: #0000ff;\">Programme de la journ\u00e9e<\/span> :<\/p>\n<ul>\n<li><span style=\"color: #0000ff;\">06h30 Grand Tour \u00e0 travers les limites du village<\/span><span style=\"color: #0000ff;\"> de Saint-Symphorien,<\/span><\/li>\n<li><span style=\"color: #0000ff;\">10h00 Procession dans les rues du village,<\/span><\/li>\n<li><span style=\"color: #0000ff;\">11h30 Messe en l&rsquo;\u00e9glise<\/span><\/li>\n<li><span style=\"color: #0000ff;\">12h30 D\u00eener annuel de la Confr\u00e9rie.<\/span><\/li>\n<\/ul>\n<p>&nbsp;<\/p>\n","protected":false},"excerpt":{"rendered":"<p>Quatri\u00e8me dimanche d\u2019ao\u00fbt : au moment o\u00f9 les \u00e9coliers affutent leurs crayons, le village de Saint-Symphorien s\u2019appr\u00eate \u00e0 f\u00eater son saint patron en processionnant ses reliques dans la localit\u00e9 \u00e9ponyme. C\u2019est une belle mani\u00e8re de terminer ces vacances toujours trop courtes pour certains et trop longues pour d\u2019autres. Historiquement, la kermesse ou ducasse (o\u00f9 on &hellip; <\/p>\n<p class=\"link-more\"><a href=\"https:\/\/www.confrerie-saint-symphorien.be\/?page_id=100\" class=\"more-link\">Continuer la lecture<span class=\"screen-reader-text\"> de &laquo;&nbsp;La Procession Saint Symphorien&nbsp;&raquo;<\/span><\/a><\/p>\n","protected":false},"author":1,"featured_media":0,"parent":296,"menu_order":0,"comment_status":"closed","ping_status":"closed","template":"","meta":{"_exactmetrics_skip_tracking":false,"_exactmetrics_sitenote_active":false,"_exactmetrics_sitenote_note":"","_exactmetrics_sitenote_category":0,"ngg_post_thumbnail":0,"footnotes":""},"class_list":["post-100","page","type-page","status-publish","hentry"],"_links":{"self":[{"href":"https:\/\/www.confrerie-saint-symphorien.be\/index.php?rest_route=\/wp\/v2\/pages\/100","targetHints":{"allow":["GET"]}}],"collection":[{"href":"https:\/\/www.confrerie-saint-symphorien.be\/index.php?rest_route=\/wp\/v2\/pages"}],"about":[{"href":"https:\/\/www.confrerie-saint-symphorien.be\/index.php?rest_route=\/wp\/v2\/types\/page"}],"author":[{"embeddable":true,"href":"https:\/\/www.confrerie-saint-symphorien.be\/index.php?rest_route=\/wp\/v2\/users\/1"}],"replies":[{"embeddable":true,"href":"https:\/\/www.confrerie-saint-symphorien.be\/index.php?rest_route=%2Fwp%2Fv2%2Fcomments&post=100"}],"version-history":[{"count":4,"href":"https:\/\/www.confrerie-saint-symphorien.be\/index.php?rest_route=\/wp\/v2\/pages\/100\/revisions"}],"predecessor-version":[{"id":4317,"href":"https:\/\/www.confrerie-saint-symphorien.be\/index.php?rest_route=\/wp\/v2\/pages\/100\/revisions\/4317"}],"up":[{"embeddable":true,"href":"https:\/\/www.confrerie-saint-symphorien.be\/index.php?rest_route=\/wp\/v2\/pages\/296"}],"wp:attachment":[{"href":"https:\/\/www.confrerie-saint-symphorien.be\/index.php?rest_route=%2Fwp%2Fv2%2Fmedia&parent=100"}],"curies":[{"name":"wp","href":"https:\/\/api.w.org\/{rel}","templated":true}]}}

<p>Quatrième dimanche d’août : au moment où les écoliers affutent leurs crayons, le village de Saint-Symphorien s’apprête à fêter son saint patron en processionnant ses reliques dans la localité éponyme.</p>
<p>C’est une belle manière de terminer ces vacances toujours trop courtes pour certains et trop longues pour d’autres. Historiquement, la kermesse ou ducasse (où on retrouve dédicace) était l’occasion de s’attirer la bénédiction du saint auquel l’église paroissiale était « dédicacée ». De manière plus prosaïque, il s’agissait également pour les habitants de s’offrir une opportunité plus laïque de pouvoir s’amuser entre eux : jeux et autres agapes permettaient à ceux-ci de se côtoyer dans un contexte plus festif et de profiter un peu de la vie à une époque où les moyens de divertissement n’étaient pas pléthores. Combien d’intrigues ou d’idylles ont pu se former pendant ces quelques jours de festivités, bien malin qui pourrait le dire mais gageons que Saint-Symphorien a tenu là-haut la comptabilité de ces différents avatars. Certes, les traditions se sont estompées avec le temps mais c’est une heureuse habitude qu’on les hommes d’essayer de les pérenniser.</p>
<p>La Confrérie Saint-Symphorien est de ce bois-là ! Héritiers de traditions dont les origines se perdent dans la nuit des temps, les Confrères se préparent chaque dimanche à processionner la châsse romane et les statues votives de l’église à travers les rues du village : le mollet vigoureux et le menton altier, ils promènent les reliques, s’arrêtant à certains endroits déterminés pour y partager un instant de recueillement religieux devant les autels improvisés par les propriétaires des lieux. Le long cortège accompagné d’autres conféries refait le chemin ancestral parcouru bien avant eux par des générations de Symphorinois.</p>
<p>Et comme eux, après avoir rangé comme il se doit les objets liturgiques et les costumes d’apparat, ils se réunissent à l’ombre d’un grand marronnier pour y partager un repas collectif où la convivialité seule sert de repère gastronomique. Puisque nous sommes devenus montois par l’évolution politique, qu’y a-t-il de mieux qu’une « côtelette à l’berdouille » pour fédérer les appétits de près de deux cents convives. Comme nos ancêtres, nous nous agglutinons sur des tables longues sans ordre de préséance où le bourgeois côtoie l’ouvrier, l’ecclésiastique l’anti-clérical et le nanti celui qui est moins favorisé par la vie. Là, réuni autour d’un repas identique pour tous, nous évoquons finalement ce qui nous unit : l’appartenance à une même communauté ! C’est probablement un des miracles récurrent que nous devons à Saint-Symphorien et nul doute que de là-haut, il doit regarder ce spectacle avec bienveillance.</p>
<p><span style="text-decoration: underline; color: #0000ff;">Programme de la journée</span> :</p>
<ul>
<li><span style="color: #0000ff;">06h30 Grand Tour à travers les limites du village</span><span style="color: #0000ff;"> de Saint-Symphorien,</span></li>
<li><span style="color: #0000ff;">10h00 Procession dans les rues du village,</span></li>
<li><span style="color: #0000ff;">11h30 Messe en l&rsquo;église</span></li>
<li><span style="color: #0000ff;">12h30 Dîner annuel de la Confrérie.</span></li>
</ul>
<p>&nbsp;</p>

<p>Quatrième dimanche d’août : au moment où les écoliers affutent leurs crayons, le village de Saint-Symphorien s’apprête à fêter son saint patron en processionnant ses reliques dans la localité éponyme. C’est une belle manière de terminer ces vacances toujours trop courtes pour certains et trop longues pour d’autres. Historiquement, la kermesse ou ducasse (où on &hellip; </p>
<p class="link-more"><a href="https://www.confrerie-saint-symphorien.be/?page_id=100" class="more-link">Continuer la lecture<span class="screen-reader-text"> de &laquo;&nbsp;La Procession Saint Symphorien&nbsp;&raquo;</span></a></p>
