{"id":105,"date":"2017-11-11T21:22:57","date_gmt":"2017-11-11T20:22:57","guid":{"rendered":"http:\/\/www.confrerie-saint-symphorien.be\/wordpress\/wordpress\/?page_id=105"},"modified":"2023-06-30T18:15:05","modified_gmt":"2023-06-30T16:15:05","slug":"retour-du-megalithe","status":"publish","type":"page","link":"https:\/\/www.confrerie-saint-symphorien.be\/?page_id=105","title":{"rendered":"Retour du m\u00e9galithe"},"content":{"rendered":"<p><img loading=\"lazy\" decoding=\"async\" class=\"aligncenter wp-image-107 size-full\" src=\"http:\/\/www.confrerie-saint-symphorien.be\/wp-content\/uploads\/2017\/11\/megalithe1.jpg\" alt=\"\" width=\"438\" height=\"603\">C\u2019est en novembre 2005 qu\u2019un membre de la Confr\u00e9rie Saint-Symphorien, Bernard Detry, signale l\u2019existence du m\u00e9galithe et raconte l\u2019histoire de cette pierre \u00e0 Monsieur Yves Andr\u00e9, Pr\u00e9sident de la Confr\u00e9rie Saint-Symphorien. Celui-ci lui propose imm\u00e9diatement d\u2019interpeller les autorit\u00e9s de la ville de Mons et son Bourgmestre afin de demander officiellement la restitution du m\u00e9galithe. Le 21 d\u00e9cembre 2005, le conseil communal de la ville de Mons accorda la restitution de la \u00ab pierre \u00bb.<\/p>\n<p>Le 17 f\u00e9vrier 2006, une rencontre a lieu entre les membres du conseil d\u2019administration de la Confr\u00e9rie et les responsables techniques de la ville pour d\u00e9terminer l\u2019endroit le plus appropri\u00e9 pour l\u2019implantation du m\u00e9galithe.<\/p>\n<p>Ce m\u00e9galithe a \u00e9t\u00e9 trouv\u00e9 par le fermier Piscart vers 1860 en labourant un champ du baron de Saint-Symphorien. Sur ordre de ce dernier, la pierre f\u00fbt transport\u00e9e dans le parc du ch\u00e2teau de Saint-Symphorien. Dans les ann\u00e9es 1950, la propri\u00e9taire du ch\u00e2teau, mademoiselle Emmy Maigret de Prisches en fera don \u00e0 la ville de Mons. La \u00ab pierre \u00bb tomba dans l\u2019oubli dans le jardin du mayeur.<\/p>\n<p><img loading=\"lazy\" decoding=\"async\" class=\"alignright wp-image-106 size-medium\" src=\"http:\/\/www.confrerie-saint-symphorien.be\/wp-content\/uploads\/2017\/11\/megalithe2-300x225.jpg\" alt=\"\" width=\"300\" height=\"225\" srcset=\"https:\/\/www.confrerie-saint-symphorien.be\/wp-content\/uploads\/2017\/11\/megalithe2-300x225.jpg 300w, https:\/\/www.confrerie-saint-symphorien.be\/wp-content\/uploads\/2017\/11\/megalithe2-768x576.jpg 768w, https:\/\/www.confrerie-saint-symphorien.be\/wp-content\/uploads\/2017\/11\/megalithe2-285x214.jpg 285w, https:\/\/www.confrerie-saint-symphorien.be\/wp-content\/uploads\/2017\/11\/megalithe2.jpg 800w\" sizes=\"auto, (max-width: 300px) 100vw, 300px\" \/>Inauguration du m\u00e9galitheElle en est maintenant ressortie et fait partie int\u00e9grante de notre belle place en la mettant encore un peu plus en valeur, elle est devenue un nouveau symbole de notre village.<\/p>\n","protected":false},"excerpt":{"rendered":"<p>C\u2019est en novembre 2005 qu\u2019un membre de la Confr\u00e9rie Saint-Symphorien, Bernard Detry, signale l\u2019existence du m\u00e9galithe et raconte l\u2019histoire de cette pierre \u00e0 Monsieur Yves Andr\u00e9, Pr\u00e9sident de la Confr\u00e9rie Saint-Symphorien. Celui-ci lui propose imm\u00e9diatement d\u2019interpeller les autorit\u00e9s de la ville de Mons et son Bourgmestre afin de demander officiellement la restitution du m\u00e9galithe. Le &hellip; <\/p>\n<p class=\"link-more\"><a href=\"https:\/\/www.confrerie-saint-symphorien.be\/?page_id=105\" class=\"more-link\">Continuer la lecture<span class=\"screen-reader-text\"> de &laquo;&nbsp;Retour du m\u00e9galithe&nbsp;&raquo;<\/span><\/a><\/p>\n","protected":false},"author":1,"featured_media":0,"parent":296,"menu_order":0,"comment_status":"closed","ping_status":"closed","template":"","meta":{"_exactmetrics_skip_tracking":false,"_exactmetrics_sitenote_active":false,"_exactmetrics_sitenote_note":"","_exactmetrics_sitenote_category":0,"ngg_post_thumbnail":0,"footnotes":""},"class_list":["post-105","page","type-page","status-publish","hentry"],"_links":{"self":[{"href":"https:\/\/www.confrerie-saint-symphorien.be\/index.php?rest_route=\/wp\/v2\/pages\/105","targetHints":{"allow":["GET"]}}],"collection":[{"href":"https:\/\/www.confrerie-saint-symphorien.be\/index.php?rest_route=\/wp\/v2\/pages"}],"about":[{"href":"https:\/\/www.confrerie-saint-symphorien.be\/index.php?rest_route=\/wp\/v2\/types\/page"}],"author":[{"embeddable":true,"href":"https:\/\/www.confrerie-saint-symphorien.be\/index.php?rest_route=\/wp\/v2\/users\/1"}],"replies":[{"embeddable":true,"href":"https:\/\/www.confrerie-saint-symphorien.be\/index.php?rest_route=%2Fwp%2Fv2%2Fcomments&post=105"}],"version-history":[{"count":3,"href":"https:\/\/www.confrerie-saint-symphorien.be\/index.php?rest_route=\/wp\/v2\/pages\/105\/revisions"}],"predecessor-version":[{"id":4324,"href":"https:\/\/www.confrerie-saint-symphorien.be\/index.php?rest_route=\/wp\/v2\/pages\/105\/revisions\/4324"}],"up":[{"embeddable":true,"href":"https:\/\/www.confrerie-saint-symphorien.be\/index.php?rest_route=\/wp\/v2\/pages\/296"}],"wp:attachment":[{"href":"https:\/\/www.confrerie-saint-symphorien.be\/index.php?rest_route=%2Fwp%2Fv2%2Fmedia&parent=105"}],"curies":[{"name":"wp","href":"https:\/\/api.w.org\/{rel}","templated":true}]}}

Retour du mégalithe

<p><img loading="lazy" decoding="async" class="aligncenter wp-image-107 size-full" src="http://www.confrerie-saint-symphorien.be/wp-content/uploads/2017/11/megalithe1.jpg" alt="" width="438" height="603">C’est en novembre 2005 qu’un membre de la Confrérie Saint-Symphorien, Bernard Detry, signale l’existence du mégalithe et raconte l’histoire de cette pierre à Monsieur Yves André, Président de la Confrérie Saint-Symphorien. Celui-ci lui propose immédiatement d’interpeller les autorités de la ville de Mons et son Bourgmestre afin de demander officiellement la restitution du mégalithe. Le 21 décembre 2005, le conseil communal de la ville de Mons accorda la restitution de la « pierre ».</p>
<p>Le 17 février 2006, une rencontre a lieu entre les membres du conseil d’administration de la Confrérie et les responsables techniques de la ville pour déterminer l’endroit le plus approprié pour l’implantation du mégalithe.</p>
<p>Ce mégalithe a été trouvé par le fermier Piscart vers 1860 en labourant un champ du baron de Saint-Symphorien. Sur ordre de ce dernier, la pierre fût transportée dans le parc du château de Saint-Symphorien. Dans les années 1950, la propriétaire du château, mademoiselle Emmy Maigret de Prisches en fera don à la ville de Mons. La « pierre » tomba dans l’oubli dans le jardin du mayeur.</p>
<p><img loading="lazy" decoding="async" class="alignright wp-image-106 size-medium" src="http://www.confrerie-saint-symphorien.be/wp-content/uploads/2017/11/megalithe2-300x225.jpg" alt="" width="300" height="225" srcset="https://www.confrerie-saint-symphorien.be/wp-content/uploads/2017/11/megalithe2-300x225.jpg 300w, https://www.confrerie-saint-symphorien.be/wp-content/uploads/2017/11/megalithe2-768x576.jpg 768w, https://www.confrerie-saint-symphorien.be/wp-content/uploads/2017/11/megalithe2-285x214.jpg 285w, https://www.confrerie-saint-symphorien.be/wp-content/uploads/2017/11/megalithe2.jpg 800w" sizes="auto, (max-width: 300px) 100vw, 300px" />Inauguration du mégalitheElle en est maintenant ressortie et fait partie intégrante de notre belle place en la mettant encore un peu plus en valeur, elle est devenue un nouveau symbole de notre village.</p>

<p>C’est en novembre 2005 qu’un membre de la Confrérie Saint-Symphorien, Bernard Detry, signale l’existence du mégalithe et raconte l’histoire de cette pierre à Monsieur Yves André, Président de la Confrérie Saint-Symphorien. Celui-ci lui propose immédiatement d’interpeller les autorités de la ville de Mons et son Bourgmestre afin de demander officiellement la restitution du mégalithe. Le &hellip; </p>
<p class="link-more"><a href="https://www.confrerie-saint-symphorien.be/?page_id=105" class="more-link">Continuer la lecture<span class="screen-reader-text"> de &laquo;&nbsp;Retour du mégalithe&nbsp;&raquo;</span></a></p>
