{"id":3314,"date":"2022-01-11T10:17:50","date_gmt":"2022-01-11T09:17:50","guid":{"rendered":"http:\/\/www.confrerie-saint-symphorien.be\/?page_id=3314"},"modified":"2022-01-13T20:05:38","modified_gmt":"2022-01-13T19:05:38","slug":"ancien-site-saint-symphorien-mon-village","status":"publish","type":"page","link":"https:\/\/www.confrerie-saint-symphorien.be\/?page_id=3314","title":{"rendered":"Ancien Site Saint-Symphorien, mon village."},"content":{"rendered":"\n<p>Les textes de cette section sont de Bernard Detry et \u00e9taient anciennement publi\u00e9s sur le site www.saint-symphorien.be (aujourd&rsquo;hui disparu). <\/p>\n\n\n\n<p>La confr\u00e9rie le remercie grandement pour son autorisation \u00e0 publier ces pages sur le site de la confr\u00e9rie.<\/p>\n\n\n\n<p><a href=\"http:\/\/www.confrerie-saint-symphorien.be\/?page_id=3325\">Acceuil<\/a><\/p>\n\n\n\n<p><a href=\"http:\/\/www.confrerie-saint-symphorien.be\/?page_id=3330\">Histoire<\/a><\/p>\n\n\n\n<p><a href=\"http:\/\/www.confrerie-saint-symphorien.be\/?p=2641\">G\u00e9ographie<\/a><\/p>\n\n\n\n<p><a href=\"http:\/\/www.confrerie-saint-symphorien.be\/?page_id=3366\">Patrimoine<\/a><\/p>\n\n\n\n<p><a href=\"http:\/\/www.confrerie-saint-symphorien.be\/?page_id=3342\">Cartes &amp; Plans<\/a><\/p>\n\n\n\n<p><a href=\"http:\/\/www.confrerie-saint-symphorien.be\/?page_id=3359\">Chroniques Anciennes<\/a><\/p>\n\n\n\n<p><a href=\"http:\/\/www.confrerie-saint-symphorien.be\/?p=3134\">Galerie<\/a><\/p>\n\n\n\n<p><a href=\"http:\/\/www.confrerie-saint-symphorien.be\/?page_id=3351\">La Vie Associative<\/a><\/p>\n\n\n\n<p><a href=\"http:\/\/www.confrerie-saint-symphorien.be\/?p=3085\">D\u00e9couverte Nature<\/a><\/p>\n","protected":false},"excerpt":{"rendered":"<p>Les textes de cette section sont de Bernard Detry et \u00e9taient anciennement publi\u00e9s sur le site www.saint-symphorien.be (aujourd&rsquo;hui disparu). La confr\u00e9rie le remercie grandement pour son autorisation \u00e0 publier ces pages sur le site de la confr\u00e9rie. Acceuil Histoire G\u00e9ographie Patrimoine Cartes &amp; Plans Chroniques Anciennes Galerie La Vie Associative D\u00e9couverte Nature<\/p>\n","protected":false},"author":1,"featured_media":0,"parent":0,"menu_order":0,"comment_status":"closed","ping_status":"closed","template":"","meta":{"_exactmetrics_skip_tracking":false,"_exactmetrics_sitenote_active":false,"_exactmetrics_sitenote_note":"","_exactmetrics_sitenote_category":0,"ngg_post_thumbnail":0,"footnotes":""},"class_list":["post-3314","page","type-page","status-publish","hentry"],"_links":{"self":[{"href":"https:\/\/www.confrerie-saint-symphorien.be\/index.php?rest_route=\/wp\/v2\/pages\/3314","targetHints":{"allow":["GET"]}}],"collection":[{"href":"https:\/\/www.confrerie-saint-symphorien.be\/index.php?rest_route=\/wp\/v2\/pages"}],"about":[{"href":"https:\/\/www.confrerie-saint-symphorien.be\/index.php?rest_route=\/wp\/v2\/types\/page"}],"author":[{"embeddable":true,"href":"https:\/\/www.confrerie-saint-symphorien.be\/index.php?rest_route=\/wp\/v2\/users\/1"}],"replies":[{"embeddable":true,"href":"https:\/\/www.confrerie-saint-symphorien.be\/index.php?rest_route=%2Fwp%2Fv2%2Fcomments&post=3314"}],"version-history":[{"count":16,"href":"https:\/\/www.confrerie-saint-symphorien.be\/index.php?rest_route=\/wp\/v2\/pages\/3314\/revisions"}],"predecessor-version":[{"id":3384,"href":"https:\/\/www.confrerie-saint-symphorien.be\/index.php?rest_route=\/wp\/v2\/pages\/3314\/revisions\/3384"}],"wp:attachment":[{"href":"https:\/\/www.confrerie-saint-symphorien.be\/index.php?rest_route=%2Fwp%2Fv2%2Fmedia&parent=3314"}],"curies":[{"name":"wp","href":"https:\/\/api.w.org\/{rel}","templated":true}]}}