{"id":5711,"date":"2025-08-26T10:29:01","date_gmt":"2025-08-26T08:29:01","guid":{"rendered":"https:\/\/www.confrerie-saint-symphorien.be\/?page_id=5711"},"modified":"2025-08-26T10:33:08","modified_gmt":"2025-08-26T08:33:08","slug":"photos-sorties","status":"publish","type":"page","link":"https:\/\/www.confrerie-saint-symphorien.be\/?page_id=5711","title":{"rendered":"Photos Sorties"},"content":{"rendered":"<ul class=\"wp-block-latest-posts__list has-dates wp-block-latest-posts\"><li><a class=\"wp-block-latest-posts__post-title\" href=\"https:\/\/www.confrerie-saint-symphorien.be\/?p=5761\">Procession de Saint-Ghislain 2025<\/a><time datetime=\"2025-10-12T21:45:00+02:00\" class=\"wp-block-latest-posts__post-date\">12 octobre 2025<\/time><div class=\"wp-block-latest-posts__post-excerpt\">Notre Confr\u00e9rie \u00e9tait bien repr\u00e9sent\u00e9e ce matin du 12 octobre 2025 \u00e0 la Procession de Saint-Ghislain. Le compagnons d&rsquo;Ursidongue nous ont fourni un bel accueil.<\/div><\/li>\n<li><a class=\"wp-block-latest-posts__post-title\" href=\"https:\/\/www.confrerie-saint-symphorien.be\/?p=5731\">Photos Grande Procession de Tournai 2025<\/a><time datetime=\"2025-09-14T10:44:09+02:00\" class=\"wp-block-latest-posts__post-date\">14 septembre 2025<\/time><div class=\"wp-block-latest-posts__post-excerpt\">Ce matin, notre Confr\u00e9rie repr\u00e9sentait fi\u00e8rement notre Saint \u00e0 la Grand Procession de Tournai. En voici quelques images.<\/div><\/li>\n<li><a class=\"wp-block-latest-posts__post-title\" href=\"https:\/\/www.confrerie-saint-symphorien.be\/?p=5622\">Photos Procession Saint-Symphorien 2025<\/a><time datetime=\"2025-08-26T02:12:28+02:00\" class=\"wp-block-latest-posts__post-date\">26 ao\u00fbt 2025<\/time><div class=\"wp-block-latest-posts__post-excerpt\"><\/div><\/li>\n<li><a class=\"wp-block-latest-posts__post-title\" href=\"https:\/\/www.confrerie-saint-symphorien.be\/?p=5765\">Procession Saint Jean-Baptiste \u00e0 Havay 2025<\/a><time datetime=\"2025-06-22T21:56:00+02:00\" class=\"wp-block-latest-posts__post-date\">22 juin 2025<\/time><div class=\"wp-block-latest-posts__post-excerpt\"><\/div><\/li>\n<li><a class=\"wp-block-latest-posts__post-title\" href=\"https:\/\/www.confrerie-saint-symphorien.be\/?p=5485\">Procession du Car d&rsquo;Or 2025.<\/a><time datetime=\"2025-06-17T11:48:46+02:00\" class=\"wp-block-latest-posts__post-date\">17 juin 2025<\/time><div class=\"wp-block-latest-posts__post-excerpt\">Cette ann\u00e9e encore, notre Confr\u00e9rie a particip\u00e9 fi\u00e8rement \u00e0 la Procession du Car d&rsquo;Or. Saint-Symphorien et la Ch\u00e2sse ont \u00e9t\u00e9 admir\u00e9s par tous les participants le long du parcours et \u00e9galement sur les ondes t\u00e9l\u00e9vision ou streaming. Nous avons probablement touch\u00e9 plus de monde que jamais. Quelques souvenirs des participants:<\/div><\/li>\n<\/ul>","protected":false},"excerpt":{"rendered":"","protected":false},"author":1,"featured_media":0,"parent":0,"menu_order":0,"comment_status":"closed","ping_status":"closed","template":"","meta":{"_exactmetrics_skip_tracking":false,"_exactmetrics_sitenote_active":false,"_exactmetrics_sitenote_note":"","_exactmetrics_sitenote_category":0,"ngg_post_thumbnail":0,"footnotes":""},"class_list":["post-5711","page","type-page","status-publish","hentry"],"_links":{"self":[{"href":"https:\/\/www.confrerie-saint-symphorien.be\/index.php?rest_route=\/wp\/v2\/pages\/5711","targetHints":{"allow":["GET"]}}],"collection":[{"href":"https:\/\/www.confrerie-saint-symphorien.be\/index.php?rest_route=\/wp\/v2\/pages"}],"about":[{"href":"https:\/\/www.confrerie-saint-symphorien.be\/index.php?rest_route=\/wp\/v2\/types\/page"}],"author":[{"embeddable":true,"href":"https:\/\/www.confrerie-saint-symphorien.be\/index.php?rest_route=\/wp\/v2\/users\/1"}],"replies":[{"embeddable":true,"href":"https:\/\/www.confrerie-saint-symphorien.be\/index.php?rest_route=%2Fwp%2Fv2%2Fcomments&post=5711"}],"version-history":[{"count":2,"href":"https:\/\/www.confrerie-saint-symphorien.be\/index.php?rest_route=\/wp\/v2\/pages\/5711\/revisions"}],"predecessor-version":[{"id":5715,"href":"https:\/\/www.confrerie-saint-symphorien.be\/index.php?rest_route=\/wp\/v2\/pages\/5711\/revisions\/5715"}],"wp:attachment":[{"href":"https:\/\/www.confrerie-saint-symphorien.be\/index.php?rest_route=%2Fwp%2Fv2%2Fmedia&parent=5711"}],"curies":[{"name":"wp","href":"https:\/\/api.w.org\/{rel}","templated":true}]}}