{"id":69,"date":"2017-11-04T09:16:58","date_gmt":"2017-11-04T08:16:58","guid":{"rendered":"http:\/\/www.confrerie-saint-symphorien.be\/wordpress\/wordpress\/?page_id=69"},"modified":"2023-06-30T18:19:04","modified_gmt":"2023-06-30T16:19:04","slug":"a-propos-de-la-confrerie","status":"publish","type":"page","link":"https:\/\/www.confrerie-saint-symphorien.be\/?page_id=69","title":{"rendered":"A propos de la Confr\u00e9rie"},"content":{"rendered":"<p><img loading=\"lazy\" decoding=\"async\" class=\"alignright wp-image-8 size-medium\" src=\"http:\/\/www.confrerie-saint-symphorien.be\/wp-content\/uploads\/2017\/10\/confrerie-300x260.jpg\" alt=\"\" width=\"300\" height=\"260\" srcset=\"https:\/\/www.confrerie-saint-symphorien.be\/wp-content\/uploads\/2017\/10\/confrerie-300x260.jpg 300w, https:\/\/www.confrerie-saint-symphorien.be\/wp-content\/uploads\/2017\/10\/confrerie.jpg 728w\" sizes=\"auto, (max-width: 300px) 100vw, 300px\" \/>La Confr\u00e9rie Saint-Symphorien poursuit deux objectifs majeurs, le premier est de perp\u00e9tuer une tradition multis\u00e9culaire au sein de notre village, le second de cr\u00e9er un lieu de vie.<\/p>\n<p>C&rsquo;est dans ce cadre que la Confr\u00e9rie s&rsquo;est constitu\u00e9e sous forme d&rsquo;ASBL en 2002. Depuis cette date, les membres de la Confr\u00e9rie ont multipli\u00e9 les activit\u00e9s afin de permettre aux Symphorinois de se rencontrer.<\/p>\n<p>Le r\u00e9sultat ne s&rsquo;est pas fait attendre: constitu\u00e9e d&rsquo;une quinzaine de membres avant sa cr\u00e9ation, l&rsquo;ASBL en compte, maintenant, plus de 160.<\/p>\n<p>La Confr\u00e9rie est ouverte \u00e0 toute personne de bonne volont\u00e9 dans le respect des convictions de chacun.<\/p>\n","protected":false},"excerpt":{"rendered":"<p>La Confr\u00e9rie Saint-Symphorien poursuit deux objectifs majeurs, le premier est de perp\u00e9tuer une tradition multis\u00e9culaire au sein de notre village, le second de cr\u00e9er un lieu de vie. C&rsquo;est dans ce cadre que la Confr\u00e9rie s&rsquo;est constitu\u00e9e sous forme d&rsquo;ASBL en 2002. Depuis cette date, les membres de la Confr\u00e9rie ont multipli\u00e9 les activit\u00e9s afin &hellip; <\/p>\n<p class=\"link-more\"><a href=\"https:\/\/www.confrerie-saint-symphorien.be\/?page_id=69\" class=\"more-link\">Continuer la lecture<span class=\"screen-reader-text\"> de &laquo;&nbsp;A propos de la Confr\u00e9rie&nbsp;&raquo;<\/span><\/a><\/p>\n","protected":false},"author":1,"featured_media":2412,"parent":0,"menu_order":1,"comment_status":"closed","ping_status":"closed","template":"","meta":{"_exactmetrics_skip_tracking":false,"_exactmetrics_sitenote_active":false,"_exactmetrics_sitenote_note":"","_exactmetrics_sitenote_category":0,"ngg_post_thumbnail":775,"footnotes":""},"class_list":["post-69","page","type-page","status-publish","has-post-thumbnail","hentry"],"_links":{"self":[{"href":"https:\/\/www.confrerie-saint-symphorien.be\/index.php?rest_route=\/wp\/v2\/pages\/69","targetHints":{"allow":["GET"]}}],"collection":[{"href":"https:\/\/www.confrerie-saint-symphorien.be\/index.php?rest_route=\/wp\/v2\/pages"}],"about":[{"href":"https:\/\/www.confrerie-saint-symphorien.be\/index.php?rest_route=\/wp\/v2\/types\/page"}],"author":[{"embeddable":true,"href":"https:\/\/www.confrerie-saint-symphorien.be\/index.php?rest_route=\/wp\/v2\/users\/1"}],"replies":[{"embeddable":true,"href":"https:\/\/www.confrerie-saint-symphorien.be\/index.php?rest_route=%2Fwp%2Fv2%2Fcomments&post=69"}],"version-history":[{"count":9,"href":"https:\/\/www.confrerie-saint-symphorien.be\/index.php?rest_route=\/wp\/v2\/pages\/69\/revisions"}],"predecessor-version":[{"id":4327,"href":"https:\/\/www.confrerie-saint-symphorien.be\/index.php?rest_route=\/wp\/v2\/pages\/69\/revisions\/4327"}],"wp:featuredmedia":[{"embeddable":true,"href":"https:\/\/www.confrerie-saint-symphorien.be\/index.php?rest_route=\/wp\/v2\/media\/2412"}],"wp:attachment":[{"href":"https:\/\/www.confrerie-saint-symphorien.be\/index.php?rest_route=%2Fwp%2Fv2%2Fmedia&parent=69"}],"curies":[{"name":"wp","href":"https:\/\/api.w.org\/{rel}","templated":true}]}}

A propos de la Confrérie

<p><img loading="lazy" decoding="async" class="alignright wp-image-8 size-medium" src="http://www.confrerie-saint-symphorien.be/wp-content/uploads/2017/10/confrerie-300x260.jpg" alt="" width="300" height="260" srcset="https://www.confrerie-saint-symphorien.be/wp-content/uploads/2017/10/confrerie-300x260.jpg 300w, https://www.confrerie-saint-symphorien.be/wp-content/uploads/2017/10/confrerie.jpg 728w" sizes="auto, (max-width: 300px) 100vw, 300px" />La Confrérie Saint-Symphorien poursuit deux objectifs majeurs, le premier est de perpétuer une tradition multiséculaire au sein de notre village, le second de créer un lieu de vie.</p>
<p>C&rsquo;est dans ce cadre que la Confrérie s&rsquo;est constituée sous forme d&rsquo;ASBL en 2002. Depuis cette date, les membres de la Confrérie ont multiplié les activités afin de permettre aux Symphorinois de se rencontrer.</p>
<p>Le résultat ne s&rsquo;est pas fait attendre: constituée d&rsquo;une quinzaine de membres avant sa création, l&rsquo;ASBL en compte, maintenant, plus de 160.</p>
<p>La Confrérie est ouverte à toute personne de bonne volonté dans le respect des convictions de chacun.</p>

<p>La Confrérie Saint-Symphorien poursuit deux objectifs majeurs, le premier est de perpétuer une tradition multiséculaire au sein de notre village, le second de créer un lieu de vie. C&rsquo;est dans ce cadre que la Confrérie s&rsquo;est constituée sous forme d&rsquo;ASBL en 2002. Depuis cette date, les membres de la Confrérie ont multiplié les activités afin &hellip; </p>
<p class="link-more"><a href="https://www.confrerie-saint-symphorien.be/?page_id=69" class="more-link">Continuer la lecture<span class="screen-reader-text"> de &laquo;&nbsp;A propos de la Confrérie&nbsp;&raquo;</span></a></p>
